git of z?
1
Let h = -66 - -60. Let i(o) = -7*o - 42. Let a be i(h). What is the tens digit of (2/7 + a)*49?
1
Suppose 3*j + 4521 - 30603 = -3*f, 4*j - 34781 = -5*f. What is the tens digit of j?
8
Let j be ((-4)/(-6))/(1/3). Suppose d = 2*o - 3 - 4, j*d + 2*o = 16. Suppose 0 = -5*m + 2*r - 148 + 811, 0 = 5*m - d*r - 662. What is the units digit of m?
3
Let b(k) = k**2 - 5*k - 11. Let a(g) = 5*g + 9. Let z(t) = 3*a(t) + 2*b(t). What is the tens digit of z(4)?
5
Let y(l) = -6409*l - 796. What is the thousands digit of y(-7)?
4
Suppose 55 = -5*g - 2*n - 28, -3*g + 5*n - 25 = 0. What is the units digit of -5 - (-4 - (-6 - -5)) - g?
3
Let r = 4 - 23. Let o(a) = 13179 + a**2 - 4*a - 13188 + 19*a. What is the units digit of o(r)?
7
Let z(v) = -v**3 - 12*v - 2. Let g be z(-4). Let c = 365 + g. What is the tens digit of c?
7
Let k(d) = 2*d**2 - 2*d + 2. Let r be k(3). Let p(h) = 5*h**2 - h**2 + 5 + 0 - 3*h**2 - 7*h. What is the units digit of p(r)?
3
Let j = -229 + 226. What is the tens digit of 428*(j - (0 - 4))/1?
2
What is the units digit of 105094/33 + 33/(-9)?
1
Let f = -33 - 19. What is the units digit of ((-39)/f)/(3/972)?
3
Let a = 148 + -178. What is the tens digit of (-20)/a - (-283)/3?
9
Suppose 1764 = 27*n - 21*n. Suppose 0*y - 4*y - s = -606, 2*y - 4*s = n. What is the units digit of y?
1
Let x be 936/(-40)*1*-10. Let h = 839 - x. What is the tens digit of h?
0
Suppose 7*w = -1 + 8. Let b = -36 - w. Let v = 49 + b. What is the units digit of v?
2
Let i = 9300 - -3823. What is the units digit of i?
3
Let o(q) = -5*q + 1. Let k be o(1). Let d(n) be the third derivative of n**5/6 + n**4/12 - 13*n**3/6 - 512*n**2. What is the units digit of d(k)?
9
Let u(j) be the first derivative of -1/4*j**4 + 9/2*j**2 - 11 - 22*j + 3*j**3. What is the tens digit of u(6)?
4
Suppose -3*x + 2*q - 2004 = -7*x, -2*x = 5*q - 986. Suppose 10*h - 8*h + 5*y - 341 = 0, y + x = 3*h. What is the units digit of h?
8
Let m be 1/(15/25)*-15 - -4. What is the tens digit of (-40)/(-70) + (-3159)/m + -1?
5
Suppose 347*r = 359*r - 23436. Let t = r - 1139. What is the hundreds digit of t?
8
Suppose -72*j + 1604358 = -9*j. What is the hundreds digit of j?
4
Suppose 7*x = 8*x - r + 450, 1355 = -3*x - 2*r. Let w = -438 - x. What is the units digit of w?
3
Suppose 26*n - 1358 = -3*p + 25*n, 0 = 4*p - 4*n - 1832. Suppose 0 = -4*c - 8, 2*u = 2*c + p + 78. What is the hundreds digit of u?
2
Suppose 3*w = -3*m + 8*w - 128, 3*w - 85 = 2*m. What is the tens digit of m/205 - ((-1721)/5 + -1)?
4
Let r(w) be the second derivative of w**4/2 + w**3/2 + 13*w**2/2 - 54*w. What is the tens digit of r(-4)?
9
Suppose 5*y - 1416 = -2*w + 1327, 0 = 3*w - 12. Let d = y + -332. What is the tens digit of d?
1
Let u = -11 - -46. Suppose -u = 3*j + 637. What is the tens digit of 4/20 + j/(-5)?
4
Suppose 3*a - 66785 = -2*a + 4*t, -2*t - 40069 = -3*a. What is the units digit of a?
3
Suppose 227 = 8*j - 365. Suppose -j*q - 112 = -82*q. What is the tens digit of q?
1
Let x = 91485 + -61691. What is the thousands digit of x?
9
Suppose r + 78 = 4*r. Suppose -30*s = -r*s + 100. What is the tens digit of (380/(-6))/1*30/s?
7
Let m = 86 + -90. Let y(p) = 22*p**2 + 10*p + 16. What is the hundreds digit of y(m)?
3
Let q(a) be the second derivative of 49*a**4/12 - 17*a**3/3 + 5*a**2/2 + 125*a. What is the units digit of q(4)?
3
Let z be 4 - (1 + 3) - -309. Suppose -9*f = -z - 69. What is the units digit of f?
2
Let m = -69 + 71. Suppose -4*h + 180 = -4*s, 4*h + m*s - 120 = h. Suppose -3*u = -39 - h. What is the tens digit of u?
2
Suppose -318 = -2*q + 4*a, 2*q = -3*q + 2*a + 827. Let n = q - 121. What is the units digit of n?
6
Let c = -11485 - -17005. What is the tens digit of c?
2
Suppose 0 = 6*p + 284 + 322. Let o be 4 + (1 - 9/3). What is the units digit of (-2)/(2/p) - (o + -5)?
4
Suppose -17*r = -21 - 64. Suppose -4*q + 12 = -q. Suppose 0 = -q*j + 2*v + 146, -3*j - 2*j + 180 = -r*v. What is the units digit of j?
7
Suppose 10 = 5*g - 0. Let b = g + -2. Suppose -f - 4*x = -50, 7*f - 2*f + 5*x - 190 = b. What is the tens digit of f?
3
Let m be (5 - 64/(-8)) + -8. Suppose -3*j + d = -2248 - 2479, m*d = j - 1599. What is the hundreds digit of j?
5
Let g = 3191 + 4463. What is the hundreds digit of g?
6
Let w(p) be the second derivative of p**5/20 - p**4/6 - p**3/3 + 422*p**2 - 4*p + 2. What is the hundreds digit of w(0)?
8
Let s(l) = -3*l**3 - 2*l**2 + 13*l - 43. What is the thousands digit of s(-15)?
9
Let u = 63540 + -31475. What is the tens digit of u?
6
Suppose 0 = -2*v + v + 473. Let z be 30 + -40 + 4085/5. Suppose 3*s = -5*n + v, 3*s - n - z = -2*s. What is the hundreds digit of s?
1
Let v(b) = -b**2 + 43*b + 106. Let g = -57 - -92. What is the units digit of v(g)?
6
Let q(x) be the first derivative of x**2/2 - 19*x + 27. Let k be q(22). Suppose 2*a - 7*a + 94 = k*i, 2*a - 130 = -4*i. What is the units digit of i?
3
Let t(y) = 33*y - 3. Suppose -6*h + 44 = -46. Let x(f) = -f + 20. Let b be x(h). What is the hundreds digit of t(b)?
1
Suppose 4*c = -5*x - 4, -3*x + 1 - 5 = 2*c. Suppose 6*m - 3*m + 2*p = 2059, -673 = -m - c*p. What is the hundreds digit of m?
6
Let t(k) = k**3 + 29*k**2 - 11*k + 16. Suppose 0 = w + 2*x + 22 + 14, 0 = 5*w + 4*x + 156. What is the hundreds digit of t(w)?
1
Suppose -17*u = -74 - 11. Suppose -4*p = -r + 35, 11*r + u*p = 9*r + 31. What is the units digit of r?
3
What is the hundreds digit of (229948 + 0)*((-450)/(-40) + -11)?
4
Suppose 4*l - 14 - 14 = 0. Let h = -44 - l. Let x = h - -72. What is the tens digit of x?
2
Suppose 4*h - 129*f + 131*f - 9024 = 0, -5*h - 2*f = -11283. What is the units digit of h?
9
Let b be 119/4 - (-13)/52. Let k = 32 - b. What is the units digit of (-49 + 9)/(0 - k)?
0
Suppose -25*i + 31*i - 21942 = 0. What is the hundreds digit of -9 + 9/(27/i)?
2
Let h(p) be the second derivative of -p**4/12 + 2*p**3 + 15*p**2 - 29*p. Let d be h(14). What is the tens digit of d*(-249)/(-2 + -1)?
6
Let c(q) = 6*q**3 + 29*q**2 + 18*q + 19. Let z(t) = -t**3 - 1. Let r(m) = -c(m) - 4*z(m). Let h be (-2 - -4) + 1 + -17. What is the units digit of r(h)?
1
Suppose 27*f - 29*f + 4 = 0. Suppose 0 = 4*q + 2*c - 10, -2*c - 3 = f*q - 9. Suppose 2*i = -g + 54, i - 3*g - q*g - 49 = 0. What is the units digit of i?
9
Suppose -387 = -7*b + 201. Suppose -9*v + 637 = 142. Let r = b - v. What is the units digit of r?
9
Let t(l) = 2*l + 19. Let v be t(-13). Let o = -5 - v. Suppose 4*b - 216 = -o*u, -5*u - 5*b = -498 - 32. What is the units digit of u?
4
Let x(h) be the first derivative of 6*h**2 + 3*h + 38. Let c = -5 + 8. What is the tens digit of x(c)?
3
Let w be -1 + -164*(-3)/6. Suppose 2*i = -58 - 58. Let s = w + i. What is the tens digit of s?
2
Let l = -79 - -85. Suppose -l*t = -18*t + 8424. What is the units digit of t?
2
Suppose 0*x + 29478 = 2*w - 3*x, 0 = -w + 5*x + 14760. What is the thousands digit of w?
4
Suppose 0 = -3*z - k + 3*k - 2589, 5*z + 4322 = k. Let p = -618 - z. Suppose 12 = 3*l, -l + p + 212 = 5*r. What is the tens digit of r?
9
Let w(i) = -32*i + 372. Let a(r) = -11*r + 124. Let z(s) = 7*a(s) - 2*w(s). What is the hundreds digit of z(-27)?
4
Let x = -208 - -184. What is the hundreds digit of ((-308)/8)/(3/x)?
3
Let c = -76447 + 119108. What is the units digit of c?
1
Let i = 7582 + 3294. What is the thousands digit of i?
0
Suppose -54*d = 98*d - 666672. What is the hundreds digit of d?
3
Let c(z) be the second derivative of -z**5/20 - z**4/4 + 3*z**3/2 - 5*z**2/2 + 11*z. Let t be c(-5). Suppose 6*u + 3*u - 999 = t. What is the units digit of u?
1
Let z(a) = a**2 - 3*a + 21. Let i be z(-13). Let k = i - -103. What is the hundreds digit of k?
3
What is the hundreds digit of 6071 - (147/7 - 12)?
0
Suppose 0 = 9*z - 44 - 28. What is the hundreds digit of 614/z*-2*-8?
2
Let w(s) = -7*s + 8*s - 2*s - 16 - 2*s**2 - s. Let x be w(-5). What is the tens digit of (x - -3)*(0 + -1)?
5
Suppose 0 = -2*q + 4*a - 3 + 5, -2*q - 3*a = -9. Suppose q - 282 = -t. What is the tens digit of t?
7
Suppose 0 = -3*o + 4*h - 2*h + 107, 87 = 3*o + 3*h. Suppose -o*w + 995 = -28*w. What is the units digit of w?
9
Let x(i) be the third derivative of 0 + 0*i + 12*i**2 - 20/3*i**3 + 1/60*i**5 - 3/8*i**4. What is the units digit of x(13)?
2
Let g(a) = -a**3 + 37*a**2 - 95*a + 105. What is th